{"id":2211,"date":"2025-09-11T12:07:14","date_gmt":"2025-09-11T10:07:14","guid":{"rendered":"https:\/\/utilajevitipomicole.ro\/magazin\/?post_type=product&#038;p=2211"},"modified":"2026-03-17T10:39:11","modified_gmt":"2026-03-17T08:39:11","slug":"instalatie-cazan-de-fierbere-multifunctional-model-jolly-chef-50","status":"publish","type":"product","link":"https:\/\/utilajevitipomicole.ro\/magazin\/produs\/instalatie-cazan-de-fierbere-multifunctional-model-jolly-chef-50\/","title":{"rendered":"INSTALA\u021aIE\/CAZAN DE FIERBERE MULTIFUNC\u021aIONAL model JOLLY CHEF 50"},"content":{"rendered":"<ul>\n<li>CO\u0218 PENTRU PASTEURIZARE<\/li>\n<li>Pentru FIERBEREA , concentrarea \u0219i sterilizarea produselor lichide, semidense \u0219i dense.<\/li>\n<li>Procesul de coacere are loc la flac\u0103r\u0103 indirect\u0103 astfel \u00eenc\u00e2t s\u0103 se evite lipirea produsului prelucrat pe fundul \u0219i pere\u021bii vasului.<\/li>\n<li>C\u0103ldura este distribuit\u0103 at\u00e2t pe fund c\u00e2t \u0219i pe pere\u021bii vasului astfel \u00eenc\u00e2t s\u0103 existe o coacere uniform\u0103 a produsului.<\/li>\n<li>JOLLY CHEF este alc\u0103tuit dintr-un singur vas \u00een care se poate efectua: \u25cb FIERBERE P\u00c2N\u0102 LA O TEMPERATUR\u0102 RIDICAT\u0102 \u0219i PR\u0102JELI \u25cb FRIGERE \u25cb PASTEURIZARE PRODUS AMBALAT P\u00c2N\u0102 LA 100OC<\/li>\n<li>Sistemul cu interspa\u021biu de lichid tehnic permite controlarea precis\u0103 a temperaturii de la 0OC p\u00e2n\u0103 la 140 OC.<\/li>\n<li>VAS din o\u021bel inox AISI 304 \u00een totalitate<\/li>\n<li>Vas de prelucrarea din o\u021bel inox lucios oglind\u0103 , grosime 30\/10 (fund \u0219i lateral)<\/li>\n<li>Inveli\u0219 extern din o\u021bel inox AISI 304 grosime 20\/10<\/li>\n<li>Interspa\u021biu intern pentru circularea lichidului de \u00eenc\u0103lzire din o\u021bel inox AISI 304<\/li>\n<li>Desc\u0103rcare total\u0103 a vasului cu ajutrul valvei cu sfer\u0103 plin\u0103 sanificabil\u0103<\/li>\n<li>Camera de combustie studiat\u0103 pentru o un randament termic mai bun \u0219i sc\u0103derea consumului de energie<\/li>\n<li>Capac inox<\/li>\n<li>Sonda pentru indicarea temperaturii produsului din vas , cu marj\u0103 de eroare de +\/-1oC<\/li>\n<li>Interval 0 oC\/180 oC<\/li>\n<li>TABLOU DE COMAND\u0102 CU ECRAN TOUCH SCREEN conform normelor CE<\/li>\n<li>Temperaturi max. de coacere: 140oC<\/li>\n<li>Alimentare G.P.L. sau gaz metan.<\/li>\n<li>Capacitate vas 50 lt.<\/li>\n<li>Construire conform normelor CEE (Marca CE).<\/li>\n<\/ul>\n","protected":false},"excerpt":{"rendered":"<p><button><a href=\"https:\/\/utilajevitipomicole.ro\/magazin\/contact\/\"><span style=\"font-size: large;\"><b>&#8230; SOLICIT\u0102 OFERT\u0102 &#8230;<\/b><\/span><\/a><\/button><\/p>\n","protected":false},"featured_media":2214,"comment_status":"open","ping_status":"closed","template":"","meta":[],"product_brand":[],"product_cat":[15,175,278],"product_tag":[],"class_list":{"0":"post-2211","1":"product","2":"type-product","3":"status-publish","4":"has-post-thumbnail","6":"product_cat-fara-categorie","7":"product_cat-diverse-utilaje","8":"product_cat-desciorchinatori","9":"product_shipping_class-utilaje","11":"first","12":"outofstock","13":"taxable","14":"shipping-taxable","15":"product-type-variable"},"_links":{"self":[{"href":"https:\/\/utilajevitipomicole.ro\/magazin\/wp-json\/wp\/v2\/product\/2211","targetHints":{"allow":["GET"]}}],"collection":[{"href":"https:\/\/utilajevitipomicole.ro\/magazin\/wp-json\/wp\/v2\/product"}],"about":[{"href":"https:\/\/utilajevitipomicole.ro\/magazin\/wp-json\/wp\/v2\/types\/product"}],"replies":[{"embeddable":true,"href":"https:\/\/utilajevitipomicole.ro\/magazin\/wp-json\/wp\/v2\/comments?post=2211"}],"wp:featuredmedia":[{"embeddable":true,"href":"https:\/\/utilajevitipomicole.ro\/magazin\/wp-json\/wp\/v2\/media\/2214"}],"wp:attachment":[{"href":"https:\/\/utilajevitipomicole.ro\/magazin\/wp-json\/wp\/v2\/media?parent=2211"}],"wp:term":[{"taxonomy":"product_brand","embeddable":true,"href":"https:\/\/utilajevitipomicole.ro\/magazin\/wp-json\/wp\/v2\/product_brand?post=2211"},{"taxonomy":"product_cat","embeddable":true,"href":"https:\/\/utilajevitipomicole.ro\/magazin\/wp-json\/wp\/v2\/product_cat?post=2211"},{"taxonomy":"product_tag","embeddable":true,"href":"https:\/\/utilajevitipomicole.ro\/magazin\/wp-json\/wp\/v2\/product_tag?post=2211"}],"curies":[{"name":"wp","href":"https:\/\/api.w.org\/{rel}","templated":true}]}}