{"id":2427,"date":"2025-09-15T18:51:02","date_gmt":"2025-09-15T16:51:02","guid":{"rendered":"https:\/\/utilajevitipomicole.ro\/magazin\/?post_type=product&#038;p=2427"},"modified":"2026-03-13T11:54:35","modified_gmt":"2026-03-13T09:54:35","slug":"scuturator-samburoase-model-puma","status":"publish","type":"product","link":"https:\/\/utilajevitipomicole.ro\/magazin\/produs\/scuturator-samburoase-model-puma\/","title":{"rendered":"SCUTUR\u0102TOR S\u00c2MBUROASE model PUMA"},"content":{"rendered":"<p>Modelul\u00a0<strong>PUMA<\/strong>\u00a0este o ma\u0219in\u0103 vibratoare care folose\u0219te o baz\u0103 de tractor<br \/>\nA. Carraro TRG 9900\/10900\u00a0cu\u00a0ac\u021bionare reversibil\u0103 sau alte tractoare reversibile.<br \/>\nAplica\u021bia special\u0103 \u00eel face func\u021bional cu aceea\u0219i opera\u021bie ca \u0219i cu o autopropulsat\u0103.<br \/>\nAceast\u0103 ma\u0219in\u0103 \u00eencorporeaz\u0103 putere, dimensiuni reduse \u0219i manevrabilitate excelent\u0103.<br \/>\nTrac\u021biunea integral\u0103 \u00eempreun\u0103 cu stabilitatea ridicat\u0103 fac ca modelul\u00a0<strong>PUMA s\u0103 fie<\/strong>\u00a0deosebit de potrivit pentru utilizarea pe teren colinar cu pante.<br \/>\nDispozitivul vibrator poate fi scos din tractor cu o interven\u021bie simpl\u0103 \u0219i rapid\u0103 pentru a transforma ma\u0219ina autopropulsat\u0103 \u00eentr-un tractor tradi\u021bional pentru lucr\u0103rile obi\u0219nuite de teren.<\/p>\n<p><strong>Caracteristici tehnice:<\/strong><\/p>\n<ul>\n<li>Centru de greutate redus, \u0219in\u0103 larg\u0103, trac\u021biune integral\u0103, echilibru optim al greut\u0103\u021bii \u0219i conducere reversibil\u0103;<\/li>\n<li>Extensie dubl\u0103 a bra\u021bului telescopic care permite o distan\u021b\u0103 maxim\u0103 de lucru de mt.\u00a05;<\/li>\n<li>Ridicare telescopic\u0103 a bra\u021bului p\u00e2n\u0103 la 80 \u00b0 cu o \u00een\u0103l\u021bime de lucru de p\u00e2n\u0103 la mt.\u00a04,5;<\/li>\n<li>Extremitatea bra\u021bului telescopic cu mi\u0219c\u0103ri verticale, laterale \u0219i oblice ale capului vibrator;<\/li>\n<li>Comenzi prin intermediul unit\u0103\u021bii de control cu \u200b\u200bjoystick.<\/li>\n<\/ul>\n<p><strong><img fetchpriority=\"high\" decoding=\"async\" class=\"alignnone size-full wp-image-6456\" src=\"https:\/\/utilajevitipomicole.ro\/wp-content\/uploads\/2020\/09\/PUMA-TABEL.png\" sizes=\"(max-width: 1089px) 100vw, 1089px\" srcset=\"https:\/\/utilajevitipomicole.ro\/wp-content\/uploads\/2020\/09\/PUMA-TABEL.png 1089w, https:\/\/utilajevitipomicole.ro\/wp-content\/uploads\/2020\/09\/PUMA-TABEL-300x31.png 300w, https:\/\/utilajevitipomicole.ro\/wp-content\/uploads\/2020\/09\/PUMA-TABEL-1024x105.png 1024w, https:\/\/utilajevitipomicole.ro\/wp-content\/uploads\/2020\/09\/PUMA-TABEL-768x79.png 768w, https:\/\/utilajevitipomicole.ro\/wp-content\/uploads\/2020\/09\/PUMA-TABEL-800x82.png 800w\" alt=\"\" width=\"1089\" height=\"112\" \/><\/strong><\/p>\n","protected":false},"excerpt":{"rendered":"<p><button><a href=\"https:\/\/utilajevitipomicole.ro\/magazin\/contact\/\"><span style=\"font-size: large;\"><b>&#8230; SOLICIT\u0102 OFERT\u0102 &#8230;<\/b><\/span><\/a><\/button><\/p>\n","protected":false},"featured_media":2434,"comment_status":"open","ping_status":"closed","template":"","meta":[],"product_brand":[],"product_cat":[15,389,34],"product_tag":[],"class_list":{"0":"post-2427","1":"product","2":"type-product","3":"status-publish","4":"has-post-thumbnail","6":"product_cat-fara-categorie","7":"product_cat-scuturatoare","8":"product_cat-utilaje","9":"product_shipping_class-utilaje","11":"first","12":"outofstock","13":"taxable","14":"shipping-taxable","15":"product-type-variable"},"_links":{"self":[{"href":"https:\/\/utilajevitipomicole.ro\/magazin\/wp-json\/wp\/v2\/product\/2427","targetHints":{"allow":["GET"]}}],"collection":[{"href":"https:\/\/utilajevitipomicole.ro\/magazin\/wp-json\/wp\/v2\/product"}],"about":[{"href":"https:\/\/utilajevitipomicole.ro\/magazin\/wp-json\/wp\/v2\/types\/product"}],"replies":[{"embeddable":true,"href":"https:\/\/utilajevitipomicole.ro\/magazin\/wp-json\/wp\/v2\/comments?post=2427"}],"wp:featuredmedia":[{"embeddable":true,"href":"https:\/\/utilajevitipomicole.ro\/magazin\/wp-json\/wp\/v2\/media\/2434"}],"wp:attachment":[{"href":"https:\/\/utilajevitipomicole.ro\/magazin\/wp-json\/wp\/v2\/media?parent=2427"}],"wp:term":[{"taxonomy":"product_brand","embeddable":true,"href":"https:\/\/utilajevitipomicole.ro\/magazin\/wp-json\/wp\/v2\/product_brand?post=2427"},{"taxonomy":"product_cat","embeddable":true,"href":"https:\/\/utilajevitipomicole.ro\/magazin\/wp-json\/wp\/v2\/product_cat?post=2427"},{"taxonomy":"product_tag","embeddable":true,"href":"https:\/\/utilajevitipomicole.ro\/magazin\/wp-json\/wp\/v2\/product_tag?post=2427"}],"curies":[{"name":"wp","href":"https:\/\/api.w.org\/{rel}","templated":true}]}}